the greatest common divisor of v and o?
22
Suppose 5*m - 2*o = -o + 161, 173 = 5*m + 2*o. Suppose 5*n - 2*p - p = 61, -p = -5*n + 57. What is the highest common factor of m and n?
11
Let n be (-5)/(2/6 + (-33)/72). What is the highest common factor of 30 and n?
10
Let c = 0 + 1. Let i be (8/(-12) + c)*18. What is the highest common factor of 54 and i?
6
Let r = -24 + 75. Suppose 5*x = -r + 121. Let q be -98*2*2/(-4). Calculate the greatest common factor of x and q.
14
Let o be (-52)/(-10)*(-915)/(-122). Suppose 0 = 2*u - 6*u + 104. What is the greatest common factor of o and u?
13
Suppose 2*p + 2*p = 0. Suppose p*d + 130 = 5*d. Let x be ((-65)/10)/(2/(-4)). Calculate the greatest common divisor of x and d.
13
Let s be 4/(-12) - 21/(-9). Suppose 3*w + 2*w = 2*i - 181, 262 = 3*i + s*w. What is the highest common divisor of i and 11?
11
Let v = 33 + -20. Suppose -3*u + 10 = -u, -u = -3*m + v. Suppose -5*l + 3*a + 126 = 0, -5*a - 106 = -3*l - l. What is the greatest common factor of l and m?
6
Let k be 24/15 - (-10)/25. Suppose -6 = -5*h + 2*h. What is the greatest common divisor of h and k?
2
Suppose -3*y + 180 = y. Let p(u) = u**2 - 2*u - 3. Let o be p(-2). Calculate the greatest common factor of o and y.
5
Let t(x) = -x**3 + 14*x**2 - 10*x. Let q be t(13). Suppose -4 = 2*p, -3*p + p - 119 = 5*o. Let i = o + q. What is the highest common divisor of 40 and i?
8
Let j(s) = -2*s**2 + 18*s + 20. Let q be j(9). Calculate the greatest common factor of q and 90.
10
Suppose 0 = 4*h - 16, 2*r = -h + 26 + 26. Calculate the greatest common divisor of 36 and r.
12
Suppose -2*d + 30 + 32 = 0. Let u = -11 + d. What is the highest common factor of u and 2?
2
Suppose 2*a - 325 = -3*b + 6*a, 4*b = -2*a + 448. Calculate the greatest common divisor of b and 74.
37
Let z be 6/(-3) - -18 - (0 - 2). Calculate the highest common factor of 234 and z.
18
Let u(t) = 4*t**2 - 4*t - 5. Let b be u(4). What is the greatest common divisor of b and 43?
43
Suppose 2*k + 4*m = 3*m + 25, 0 = -3*k + m + 50. What is the greatest common factor of k and 105?
15
Let h(d) be the second derivative of 0*d**2 + 16/3*d**3 + 0 + d. Let z be h(1). What is the greatest common factor of 48 and z?
16
Suppose -5*a = -5*v - 10, -4*v + 5*v = -5*a + 10. Suppose 5*l - 396 - 9 = v. Calculate the greatest common divisor of 9 and l.
9
Let v = -1 + -2. Let p = -2 - v. Let r be (0 - 1)/(p/(-2)). Calculate the greatest common divisor of r and 22.
2
Suppose -42*q + 10 = -37*q. What is the highest common divisor of q and 2?
2
Suppose -4*o + 86 = 2. What is the highest common divisor of o and 42?
21
Let c(d) = d**3 - d**2 - 6. Let v be c(3). Calculate the highest common divisor of 16 and v.
4
Suppose 4*h = -4, h - 19 = -4*n - 0*h. Let a = -2 + n. Suppose -3*v = a*k - 8 - 103, -k + 73 = 2*v. What is the greatest common divisor of 24 and v?
12
Let v be 1*9 - (-1 - -1). Let f be (24/v)/(2/66). Suppose 5*s = 3*x - 33 + 82, 20 = 4*s + 4*x. Calculate the highest common factor of f and s.
8
Let n = 70 + -22. Let o = -66 - -72. What is the highest common divisor of n and o?
6
Suppose y = 2*y - 12. What is the greatest common factor of y and 132?
12
Suppose 3*i = -4*x + 189, -4*x + 3*i = 5*i - 186. What is the greatest common divisor of x and 495?
45
Suppose -s = -3*f - 21 + 1, -4*s - f + 93 = 0. What is the greatest common factor of 253 and s?
23
Let t be (2/2)/((-16)/(-192)). Calculate the highest common factor of t and 8.
4
Let j be (-1)/2 + -1 - (-175)/10. Calculate the highest common divisor of 12 and j.
4
Let k(w) = -w**2 + 3*w. Let t be k(3). Suppose 0 = -t*o - o + 20. Suppose 5*p = 5 + 15. Calculate the greatest common divisor of o and p.
4
Let r be ((-1 + 0)*-1)/((-20)/(-540)). Calculate the greatest common divisor of r and 6.
3
Let y be 2/(-6) + (-12)/(-9). What is the greatest common divisor of 2 and y?
1
Let o(s) = 27*s**3 - s. Let w be o(1). What is the highest common factor of 13 and w?
13
Let g(i) = -2*i**3 - 4*i**2 + 6*i + 4. Let h be g(-4). Suppose -1 = 4*u - 17. What is the highest common divisor of h and u?
4
Let c be 4/3*36/(-8). Let l(b) = 2*b**2 + 10*b + 9. Let j be l(c). What is the highest common divisor of j and 7?
7
Let r(t) = -t**2 - 8*t + 4. Suppose 0 = -3*w + w + 10. Suppose v = -11 + w. Let f be r(v). Calculate the highest common divisor of f and 80.
16
Let q = 4 - -4. Suppose p + c - 1 - 15 = 0, p - 4*c + 9 = 0. Let a = p + 53. What is the highest common factor of q and a?
8
Let h(c) = -1 + 8*c + 2*c**2 - 3*c**2 - 2. Let w be h(7). Suppose -w*q + 88 = 16. What is the greatest common divisor of 36 and q?
18
Suppose h = 2*s - 15, -4*s + 4*h + 28 = -12. Suppose 2*m - z - 128 = 0, 2*m - 192 = -m - s*z. Calculate the greatest common factor of m and 16.
16
Let r be 6 - (-2 + 0 + 4). Suppose 10 = -i - 4*g, -25 = -r*i - 0*g - 3*g. Suppose 6 = -k + 96. What is the greatest common factor of k and i?
10
Let v(q) be the first derivative of 25*q**3/3 + q**2/2 + 2. Let h be v(1). Suppose 2*r + h = 154. Calculate the highest common factor of 8 and r.
8
Let x be (36/(-15))/(2/(-100)). Calculate the greatest common divisor of 48 and x.
24
Let p be (-4 + 23)/(1/7). Suppose 0*i - i - p = -4*w, -w = -5*i - 57. Calculate the highest common divisor of 4 and w.
4
Suppose -40 = -4*m + 56. Calculate the highest common factor of 60 and m.
12
Let a(p) = -p**2 + 8*p + 3. Let m be a(7). Suppose k - 395 = -5*t, 4*k = 4*t - 0*t - 340. What is the highest common factor of m and t?
10
Let n = -6 + 8. Suppose -n*j - 2*g + 109 = -5*g, -164 = -3*j + 4*g. Calculate the greatest common factor of 7 and j.
7
Let t be ((-2)/3)/((-8)/36). Let l be (572/12)/(1/t). Calculate the highest common factor of 13 and l.
13
Let r(a) = -a**3 + 7*a**2 + 9*a - 6. Let c be r(8). Calculate the greatest common divisor of 8 and c.
2
Suppose 0 = 3*k + 5*v - 141 - 24, 0 = k + 2*v - 56. What is the highest common divisor of 5 and k?
5
Let s be (8/(-10))/((-2)/45). What is the highest common factor of 198 and s?
18
Let w = -13 + 11. Let g(t) = -5*t**3 - 3*t**2 + t + 2. Let o be g(w). Calculate the highest common divisor of 70 and o.
14
Let h be 673/4 + 7/(-28). Suppose -4*u - 2*o + 86 = 0, 5*o = -u + 1 - 2. Calculate the highest common divisor of h and u.
24
Let i = -98 - -167. Calculate the greatest common factor of i and 46.
23
Let n = 20 + -14. Suppose -w - 2 = v, -v + 0*v = -3*w + n. Calculate the highest common factor of 1 and w.
1
Let x(k) = -k**3 - 7*k**2 + 8*k + 2. Let j be x(-8). Let h(z) = -14*z - 2 - 3 - j. Let s be h(-5). Calculate the greatest common factor of 7 and s.
7
Let r be 157/2*(-5 + 3). Let j = 325 + r. What is the highest common divisor of j and 21?
21
Let t(s) be the first derivative of 2*s**2 - 5*s**2 + 3*s**2 + 3 - s**2. Let i be t(-2). Calculate the greatest common factor of i and 10.
2
Suppose 4*n = -3*j + 3 + 11, -10 = 5*j. Let b be (65/15)/((-1)/3). Let x = -8 - b. What is the greatest common divisor of x and n?
5
Let o(k) = 4*k - 11. Let z be o(6). What is the highest common factor of z and 91?
13
Suppose 0 = -t + 1 + 1. What is the greatest common divisor of t and 3?
1
Suppose 6 - 5 = n. Calculate the greatest common divisor of 8 and n.
1
Let u be 40/50 - (-62)/10. What is the greatest common factor of u and 49?
7
Let a = 109 - 93. Calculate the greatest common factor of a and 2.
2
Let q = 104 + -72. What is the highest common divisor of q and 4?
4
Let j(f) = -f**2 + 6*f - 6. Let h be j(4). Let g be h/(-3) - (-8)/3. Let v(a) = a**2 - a. Let s be v(2). What is the greatest common factor of g and s?
2
Suppose 0 = 2*o - 6 - 26. Suppose 2*i = c - 3*c + 164, 3*i + 314 = 4*c. What is the highest common divisor of o and c?
16
Let b = 27 + -1. Let s = -39 + b. Let d = -9 - s. Calculate the greatest common divisor of 20 and d.
4
Let d = 0 + -1. Let a be 2/(4/(-6) - d). Calculate the highest common factor of a and 1.
1
Let w be 8/(-60) + -2 + 3574/30. Calculate the highest common divisor of 39 and w.
39
Let v be -2 - -6 - (-1 - 1). Suppose v*i - 2*q + 22 = 4*i, -3*q = i + 3. Let s be ((-6)/i)/(2/36). Calculate the highest common factor of s and 12.
12
Let d = -16 - -22. Suppose -k = -d - 6. What is the highest common factor of k and 30?
6
Let u(j) = 43*j + 2. Let q = -6 - -8. Let a be u(q). What is the highest common divi